ided by 24?
22
Suppose -9328 = -34*g + 3835 - 3235. What is the remainder when g is divided by 76?
64
Let x(p) = -7*p + 12. Let d be x(2). Calculate the remainder when (24 + -26)*(d + (-315)/2) is divided by 32.
31
Suppose 0*z + n - 4 = -z, -4*z = -5*n + 29. Let j be (4 - 2)*z + 25. Let b = -16 + j. Calculate the remainder when 27 is divided by b.
6
Let y(i) = i**3 - 22*i**2 + 23*i - 39. Let u be y(21). Suppose u*f = 81 + 72. What is the remainder when 99 is divided by f?
48
Let b(x) = -2*x**3 + 8*x**2 + 5*x - 12. Let k be b(6). Let c = k - -116. What is the remainder when 50 is divided by (-2 + -10)/(-4) - c?
11
Suppose 0 = -54*h + 22*h + 28224. Calculate the remainder when h is divided by 128.
114
Let j(x) = -87*x + 560. Calculate the remainder when 372 is divided by j(5).
122
Suppose 15*y = 11*y + 12. Suppose 2*s - 9 = y. What is the remainder when (7/(-5))/((-11)/55) is divided by s?
1
Let r(w) = w**3 + 7*w**2 + 4*w - 6. Let q be r(-6). Suppose 94 = -5*h + 389. What is the remainder when (-1172)/(-5) - q/15 is divided by h?
57
Suppose -11*j + 2*h + 420 - 52 = 0, 2*h = -j + 16. Calculate the remainder when 2337 is divided by j.
1
Let u(h) = 8*h**2 + 144*h + 291. What is the remainder when 99 is divided by u(-2)?
29
Let h(z) = -20*z**2 - 564*z - 134. Calculate the remainder when h(-26) is divided by 4.
2
Suppose -4*a - 4*i = -1720, -2*i = -4*a - 3*i + 1705. Let k = -217 + a. What is the remainder when k is divided by 42?
40
Let x = -8008 - -18708. What is the remainder when x is divided by 11?
8
Let r(k) = -2*k**3 - 13*k**2 - 39*k - 254. Calculate the remainder when 4623 is divided by r(-7).
67
Let f(z) = -z**3 - 5*z**2 - 10*z - 8. Let c be 2 - (4 + (-5 - -7)). What is the remainder when 63 is divided by f(c)?
15
Let c(w) = -209*w - 2642. Calculate the remainder when c(-27) is divided by 1498.
5
Let s = 20 + 23. Let f(v) = 17 + 4*v**3 - 6 - 5*v**3 + 7*v + 6*v**2. What is the remainder when s is divided by f(7)?
10
Let w = 19074 + -17952. What is the remainder when w is divided by 315?
177
Let x be (-4)/(16/18)*(-8)/6. Let r be (4 - -4) + x + -1. Let n(l) = 5*l - 58. Calculate the remainder when n(r) is divided by 4.
3
Suppose 115 = -43*j + 48*j. Suppose h = 4*v - v + j, -3*v = 2*h - 1. Suppose -9 = -3*y, -u - 2*u - 5*y = -33. Calculate the remainder when h is divided by u.
2
Suppose 75 + 27 = -b. Suppose -43*y = -48*y + 875. Let a = b + y. What is the remainder when a is divided by 25?
23
Suppose -80 = -5*t + 245. Suppose 5*d + 3*p - 918 = 709, -1595 = -5*d + 5*p. What is the remainder when d is divided by t?
63
Suppose 0 = -55*f + 233*f - 111428. What is the remainder when f is divided by 232?
162
Suppose 162 = 3*y - 6. Suppose 23*t + 23*t - 6526 = 33*t. What is the remainder when t is divided by y?
54
Suppose -8598 = -5*u - 8418. What is the remainder when 86 is divided by u?
14
Let t = 2561 + -2087. Calculate the remainder when t is divided by 28.
26
Calculate the remainder when 2 + 1784 + (-3)/(-24) + (-306)/272 is divided by 8.
1
Suppose 0 = 3*f + s + 7, -4*s - 11 = 3*f - 2*s. Let u(p) = 439*p**2 - 2*p - 3. What is the remainder when u(f) is divided by 63?
60
Let g = 82 - 33. Suppose -7*h + 65 = 37. What is the remainder when g is divided by h?
1
Suppose -130 = 2*t + 3*s, -s = -2*t - 2*s - 134. What is the remainder when -1*(t + 2) - 4 is divided by (-2)/(2 + 180/(-85))?
11
Let z(m) = 484*m - 3720. What is the remainder when z(14) is divided by 102?
98
Suppose -4*u - 2*p + 68 = -66, 5*u - 140 = 3*p. Suppose -238 + 13 = -r. Suppose -t = 0, 3*o - t + 45 = r. Calculate the remainder when o is divided by u.
29
Suppose -1065*i + 1134*i - 119508 = 0. Calculate the remainder when i is divided by 34.
32
Suppose 9*q - 3292 + 439 = 0. What is the remainder when q is divided by 109?
99
Suppose -6 = 53*q - 55*q. Suppose 28*y + q*k = 23*y + 212, 5*y - 204 = -k. Calculate the remainder when 69 is divided by y.
29
Let a be (-5 - -8)/((-6)/(-98)). Suppose 0 = 43*r - a*r + 282. Calculate the remainder when r is divided by 10.
7
Suppose 2*c - 196*h + 191*h - 35260 = 0, -3*c + 4*h = -52862. Calculate the remainder when c is divided by 34.
32
Let y(t) = -t**2 - 19*t + 12. Let g be y(-13). Suppose -3*r - g = -5*p - 221, -184 = -4*r + 2*p. What is the remainder when 129 is divided by r?
35
Let p = 2870 + -2827. What is the remainder when p is divided by 37?
6
Suppose -l - 13 = -4*d, -4 = 2*d - 9*l + 5*l. Let f = 13 + d. Suppose -3*z + 4*o + 4 = -z, o = -z + f. Calculate the remainder when 57 is divided by z.
9
Let i be 363/12 - 9/(-12) - 1. Let p(j) = -3*j**3 - 3*j**2 - 3*j - 2. Let c be p(-2). Let v = i - c. Calculate the remainder when 52 is divided by v.
10
Suppose -5*v = -4*j - 124, -2*v - 5*j + 133 = 90. Calculate the remainder when 5181 is divided by v.
21
Let p be ((3694 - -2)/11)/(-1 + 0). Let l = p - -366. Calculate the remainder when 129 is divided by l.
9
Let m = -746 + 748. Suppose -m*u + 10*u = 208. What is the remainder when u is divided by 21?
5
Suppose -2*w - 3*o = w - 51, w - 13 = -3*o. Suppose 169 = 2*k - w. What is the remainder when k/(-2)*5/10*-2 is divided by 12?
11
Suppose 6*w - 27 = -51 + 426. What is the remainder when 626 is divided by w?
23
Let i(p) = -7*p - 360. What is the remainder when 770 is divided by i(-55)?
20
Suppose 18*b = 14*b + 16. Suppose -9*u + 45 = -b*u. Calculate the remainder when 26 is divided by u.
8
What is the remainder when 385 is divided by (255/(-195))/(2/(-26))?
11
Let j(b) = -b**2 + 2*b + 18. Let p(h) = h - 13. Let k be p(15). Suppose -2 = -k*r + 2*y, 4*r - y + 11 = -r. Calculate the remainder when 19 is divided by j(r).
1
Let u = -107 - -141. Let s = 505 + -439. What is the remainder when s is divided by u?
32
What is the remainder when ((-92)/4 - -24)*(-34)/4*-434 is divided by 45?
44
Let v(u) = 3*u**2 + 83*u + 1045. What is the remainder when v(-17) is divided by 46?
41
Let v = 0 + 32. Suppose 15*y + 3722 = 482. Let f = 278 + y. Calculate the remainder when f is divided by v.
30
Let t(f) = 34*f**2 + 16*f + 5. Suppose 4*z + 3*c = 1, 17*z - 29 = 16*z + 5*c. Calculate the remainder when t(z) is divided by 44.
41
Let h = -160 - -182. Suppose 31 = f - 3*c, 105 = 4*f + 4*c - 51. What is the remainder when f is divided by h?
15
Suppose -n - 3976 = -20*n - 670. What is the remainder when 7828 is divided by n?
172
Let r(x) = 87*x + 1248. Calculate the remainder when 1911 is divided by r(-14).
21
Suppose 3*o + 2*a + 7 = 0, 4*o + a + 11 = -2*a. Calculate the remainder when (-27)/6 - (55/(-5) + (-17)/(-34)) is divided by 1 + 0 + (o - 0).
0
Let w(z) = 2*z - 1. Let o be w(2). Suppose -580 = -3*c + r, -o*r - r + 944 = 5*c. Suppose -36*g + 40*g - c = 0. What is the remainder when g is divided by 27?
21
Let q(f) = -2*f**3 + 5*f**2 + 2*f - 6*f**2 + 2 - 3*f**3. Suppose -20*j + 15*j + 90 = 0. Calculate the remainder when q(-2) is divided by j.
16
Suppose 598*o = 589*o + 360. What is the remainder when 5717 is divided by o?
37
Let z(l) = 10*l + 2. Let f be z(-4). Let o = f - -60. What is the remainder when 0/1 + 110 + 21 is divided by o?
21
Suppose q - 20 = 4*y, -2*q = -5*y - 25 - 12. Calculate the remainder when 3979 is divided by q.
11
Let d(w) = 2*w**2 + 20*w - 4. Let o be d(-10). Let j(u) = -u**3 + 10*u**2 + 14*u + 8. What is the remainder when j(o) is divided by 12?
8
Let d = 217 + 38. Suppose 325*z = 328*z - d. What is the remainder when z is divided by 22?
19
Let a be (-15)/(-6)*16/10 + -3. Calculate the remainder when 59 - (a/2 + (-7)/(-14)) is divided by 7.
2
Let h = -11711 - -11740. What is the remainder when 5190 is divided by h?
28
Let c = -5119 + 5300. Calculate the remainder when 516 is divided by c.
154
Let w(f) = f**2 + 6*f + 4. Let g be w(-4). What is the remainder when (-2 - g)*1 - -60 is divided by 3*(-548)/(-132) - (-12)/22?
10
Let k(l) = l**2 - 3*l + 11. Let a(z) = 10*z - 57. Calculate the remainder when a(11) is divided by k(0).
9
Suppose 3*n + c - 9 = 0, 0 = n - 3*c - 0*c + 7. Calculate the remainder when (3/n)/(3/78) is divided by 42/6 + -6 + (-28)/(-4).
7
Suppose 11*j - 5*j - 3*j - 1809 = 0. Calculate the remainder when j is divided by 8.
3
Suppose 0 = -5*g - 25, -n - g - 9 = n. Let l = 12 + n. Suppose l*x + 2*x - 120 = 0. Calculate the remainder when 37 is divided by x.
7
Let o = 998 - 607. Su